actors of 2797.
2797
List the prime factors of 21963.
3, 7321
What are the prime factors of 2256?
2, 3, 47
List the prime factors of 91914.
2, 3, 15319
What are the prime factors of 758?
2, 379
List the prime factors of 10096.
2, 631
What are the prime factors of 1198?
2, 599
What are the prime factors of 31815?
3, 5, 7, 101
List the prime factors of 41040.
2, 3, 5, 19
List the prime factors of 1239.
3, 7, 59
List the prime factors of 50688.
2, 3, 11
What are the prime factors of 7928?
2, 991
List the prime factors of 1521.
3, 13
What are the prime factors of 19300?
2, 5, 193
What are the prime factors of 3272?
2, 409
List the prime factors of 2188.
2, 547
List the prime factors of 3579.
3, 1193
List the prime factors of 9212.
2, 7, 47
What are the prime factors of 118824?
2, 3, 4951
What are the prime factors of 17174?
2, 31, 277
What are the prime factors of 17568?
2, 3, 61
List the prime factors of 4092.
2, 3, 11, 31
List the prime factors of 83434.
2, 13, 3209
What are the prime factors of 1131?
3, 13, 29
What are the prime factors of 79178?
2, 11, 59, 61
List the prime factors of 46123.
7, 11, 599
What are the prime factors of 2350?
2, 5, 47
What are the prime factors of 48571?
48571
What are the prime factors of 5327?
7, 761
What are the prime factors of 3201?
3, 11, 97
List the prime factors of 19057.
17, 19, 59
What are the prime factors of 45988?
2, 11497
What are the prime factors of 17203?
17203
What are the prime factors of 14003?
11, 19, 67
List the prime factors of 995.
5, 199
What are the prime factors of 40041?
3, 1483
List the prime factors of 635.
5, 127
List the prime factors of 2063.
2063
What are the prime factors of 7908?
2, 3, 659
What are the prime factors of 16499?
7, 2357
List the prime factors of 5999.
7, 857
What are the prime factors of 130405?
5, 11, 2371
List the prime factors of 4579.
19, 241
What are the prime factors of 1077?
3, 359
What are the prime factors of 1153?
1153
List the prime factors of 4858.
2, 7, 347
List the prime factors of 46782.
2, 3, 23, 113
List the prime factors of 18016.
2, 563
List the prime factors of 650.
2, 5, 13
What are the prime factors of 4298?
2, 7, 307
List the prime factors of 111459.
3, 53, 701
What are the prime factors of 257?
257
List the prime factors of 2041.
13, 157
List the prime factors of 1941.
3, 647
List the prime factors of 8163.
3, 907
What are the prime factors of 818?
2, 409
List the prime factors of 86460.
2, 3, 5, 11, 131
List the prime factors of 1415.
5, 283
List the prime factors of 12118.
2, 73, 83
What are the prime factors of 312?
2, 3, 13
What are the prime factors of 78666?
2, 3, 7, 1873
What are the prime factors of 63693?
3, 7, 337
List the prime factors of 2347.
2347
List the prime factors of 98.
2, 7
What are the prime factors of 566?
2, 283
List the prime factors of 3813.
3, 31, 41
List the prime factors of 54389.
137, 397
List the prime factors of 577.
577
What are the prime factors of 829?
829
What are the prime factors of 21574?
2, 7, 23, 67
List the prime factors of 13216.
2, 7, 59
List the prime factors of 62352.
2, 3, 433
What are the prime factors of 58?
2, 29
List the prime factors of 6850.
2, 5, 137
What are the prime factors of 2243?
2243
What are the prime factors of 2380?
2, 5, 7, 17
What are the prime factors of 9254?
2, 7, 661
What are the prime factors of 46613?
7, 6659
What are the prime factors of 41841?
3, 4649
List the prime factors of 12715.
5, 2543
List the prime factors of 29.
29
What are the prime factors of 2443?
7, 349
What are the prime factors of 1343?
17, 79
What are the prime factors of 496?
2, 31
What are the prime factors of 13771?
47, 293
List the prime factors of 17881.
17881
List the prime factors of 45887.
45887
What are the prime factors of 1737?
3, 193
List the prime factors of 16819.
11, 139
What are the prime factors of 13417?
13417
What are the prime factors of 4122?
2, 3, 229
What are the prime factors of 3425?
5, 137
What are the prime factors of 111444?
2, 3, 37, 251
What are the prime factors of 5106?
2, 3, 23, 37
List the prime factors of 9169.
53, 173
List the prime factors of 1697.
1697
List the prime factors of 2166.
2, 3, 19
List the prime factors of 2644.
2, 661
What are the prime factors of 1618?
2, 809
What are the prime factors of 99343?
41, 2423
What are the prime factors of 4668?
2, 3, 389
List the prime factors of 6895.
5, 7, 197
List the prime factors of 1357.
23, 59
What are the prime factors of 8497?
29, 293
List the prime factors of 5041.
71
What are the prime factors of 89446?
2, 7, 6389
What are the prime factors of 2631?
3, 877
What are the prime factors of 7142?
2, 3571
List the prime factors of 5009.
5009
What are the prime factors of 3340?
2, 5, 167
List the prime factors of 976.
2, 61
What are the prime factors of 1822?
2, 911
What are the prime factors of 12807?
3, 1423
List the prime factors of 21.
3, 7
What are the prime factors of 2312?
2, 17
What are the prime factors of 15208?
2, 1901
List the prime factors of 1478.
2, 739
List the prime factors of 830.
2, 5, 83
What are the prime factors of 923?
13, 71
List the prime factors of 4529.
7, 647
List the prime factors of 46457.
46457
What are the prime factors of 4092?
2, 3, 11, 31
What are the prime factors of 2561?
13, 197
List the prime factors of 1232.
2, 7, 11
List the prime factors of 2060.
2, 5, 103
What are the prime factors of 13804?
2, 7, 17, 29
List the prime factors of 21839.
21839
What are the prime factors of 956?
2, 239
What are the prime factors of 365?
5, 73
List the prime factors of 29874.
2, 3, 13, 383
What are the prime factors of 2385?
3, 5, 53
What are the prime factors of 419?
419
What are the prime factors of 1162?
2, 7, 83
List the prime factors of 7479.
3, 277
What are the prime factors of 37938?
2, 3, 6323
List the prime factors of 8540.
2, 5, 7, 61
What are the prime factors of 983?
983
List the prime factors of 863.
863
List the prime factors of 5912.
2, 739
List the prime factors of 55888.
2, 7, 499
List the prime factors of 24227.
7, 3461
What are the prime factors of 3722?
2, 1861
What are the prime factors of 1381?
1381
What are the prime factors of 4482?
2, 3, 83
What are the prime factors of 924?
2, 3, 7, 11
What are the prime factors of 11005?
5, 31, 71
List the prime factors of 67969.
11, 37, 167
What are the prime factors of 31?
31
What are the prime factors of 31528?
2, 7, 563
List the prime factors of 119825.
5, 4793
What are the prime factors of 914?
2, 457
List the prime factors of 40583.
40583
List the prime factors of 11704.
2, 7, 11, 19
List the prime factors of 1169.
7, 167
List the prime factors of 17063.
113, 151
List the prime factors of 10709.
10709
What are the prime factors of 109988?
2, 31, 887
What are the prime factors of 1026?
2, 3, 19
What are the prime factors of 414?
2, 3, 23
What are the prime factors of 3524?
2, 881
List the prime factors of 10790.
2, 5, 13, 83
List the prime factors of 10073.
7, 1439
What are the prime factors of 3701?
3701
What are the prime factors of 107633?
37, 2909
List the prime factors of 143073.
3, 7, 757
List the prime factors of 29086.
2, 14543
List the prime factors of 111070.
2, 5, 29, 383
What are the prime factors of 2290?
2, 5, 229
What are the prime factors of 98?
2, 7
What are the prime factors of 1148?
2, 7, 41
List the prime factors of 5012.
2, 7, 179
What are the prime factors of 1288?
2, 7, 23
List the prime factors of 4321.
29, 149
What are the prime factors of 1865?
5, 373
List the prime factors of 15.
3, 5
List the prime factors of 2288.
2, 11, 13
What are the prime factors of 864?
2, 3
What are the prime factors of 12170?
2, 5, 1217
What are the prime factors of 2333?
2333
What are the prime factors of 3763?
53, 71
What are the prime factors of 1010?
2, 5, 101
What are the prime factors of 1186?
2, 593
What are the prime factors of 1007?
19, 53
List the prime factors of 5362.
2, 7, 383
List the prime factors of 4842.
2, 3, 269
What are the prime factors of 8373?
3, 2791
List the prime factors of 3360.
2, 3, 5, 7
What are the prime factors of 65916?
2, 3, 1831
What are the prime factors of 8337?
3, 7, 397
List the prime factors of 8984.
2, 1123
List the prime factors of 3988.
2, 997
What are the prime factors of 2966?
2, 14